ded by 12.
11
What is the remainder when 122 is divided by 2/1 + -3 + 65?
58
Let r = -626 + 1112. What is the remainder when r is divided by 9?
0
Let c(b) = -b**3 + 6*b**2 - 2*b + 1. Let q be c(3). Suppose s = -s - q. Calculate the remainder when (s + -1)*15/(-10) is divided by 5.
3
Let l = 55 - 27. Let n be (-9 - (-15)/5)*(-62)/6. Suppose l = 5*a - n. Calculate the remainder when a is divided by 10.
8
Let s be -3 + 6 + (-8 - -2) + 3. Suppose 3*m + 0*i - i = 224, s = -2*m + 5*i + 132. What is the remainder when m is divided by 26?
24
Let v(f) = f**2 - f - 7. What is the remainder when 100 is divided by v(5)?
9
Suppose -5*l + 4*d + 65 = -0*d, 0 = 3*l - 5*d - 39. Let w = -593 + 899. Suppose 0 = 9*b - 15*b + w. What is the remainder when b is divided by l?
12
Let m(w) = 11*w**2 - 7*w - 5. Let g be m(6). Suppose g = 11*j - 201. Calculate the remainder when 198 is divided by j.
48
Let p = 1602 - 986. Calculate the remainder when 45 is divided by p/52 - -1 - (-6)/39.
6
Let v = 2 - 1. Let u = 66 + -68. Calculate the remainder when 46 is divided by 3 + v - (-6 + u).
10
Let g(r) = -10*r - 19. Let q be g(-14). Suppose 0 = -2*v - d + 53, -4*v + d - 6*d + q = 0. Calculate the remainder when v is divided by 5.
4
Suppose 2*f + 3*o = 0, -4*f = -4*o - 0*o. Suppose f = u - 13 - 26. Suppose -4*t + 29 = -u. What is the remainder when t is divided by 6?
5
Let f = -409 + 482. What is the remainder when f is divided by 38?
35
Let o = 613 + -561. Calculate the remainder when 412 is divided by o.
48
Let r(s) = -s**3 - 7*s**2 + 10*s + 12. Let b(h) = 3*h - 2. Let z be b(-2). Let i be r(z). What is the remainder when 25 is divided by ((-42)/i)/(9/12)?
11
Let d(g) be the first derivative of g**3/3 + 11*g**2/2 - 33*g - 19. Let v be ((-15)/(-4))/((-1)/4). Calculate the remainder when d(v) is divided by 8.
3
Suppose 34*m - 40*m = -72. What is the remainder when 596 is divided by m?
8
Let p = -57 + 85. Suppose k - p = -3*h, -5*h + k - 1 = -61. Calculate the remainder when 30 is divided by h.
8
Suppose -560 = -5*m + 570. What is the remainder when m is divided by 19?
17
Let o = -945 + 1228. Calculate the remainder when o is divided by 98.
87
Suppose 3*k - 190 = 20. Let i(s) = 2*s**3 + 6*s + 7*s**2 - 3*s - 2*s**3 - 3 - s**3. Calculate the remainder when k is divided by i(7).
16
Let d = -507 - -715. What is the remainder when d is divided by 64?
16
Suppose 3*m + a - 25 = 0, -25*a = 2*m - 23*a - 14. What is the remainder when 27 is divided by m?
0
Suppose -4*r - 100 = -5*w, 3*r = 4*w - 102 + 22. What is the remainder when 80 is divided by w?
0
Suppose 5*i - 66 - 234 = 0. Let g = i - 26. Let p = g + -8. What is the remainder when 77 is divided by p?
25
Suppose 109 - 391 = -47*n. What is the remainder when 70 is divided by n?
4
Let d be ((-2)/6)/(6/234). Let a(z) = z + 16. What is the remainder when 10 is divided by a(d)?
1
Let t = 26 - 23. Suppose -t*x = -7*x + 308. Calculate the remainder when x is divided by (-81)/(-4) + 3/(-12).
17
Suppose -3*g = 4*u - 29, 10*g + 18 = 2*u + 8*g. What is the remainder when 24 is divided by u?
0
Let h be 19 + 3/1 + 1. Suppose 4*t + 3*o + h = -t, 3*o = 5*t + 47. Let j = t + 33. Calculate the remainder when j is divided by 9.
8
Suppose -13*h + 1020 = 7*h. Calculate the remainder when 201 is divided by h.
48
Suppose -f + w - 3*w + 12 = 0, -5*w = -5. Suppose 192 = -f*s + 13*s. What is the remainder when s is divided by 17?
13
Suppose -t + 13 = -3*b + 46, -4*t = b - 24. What is the remainder when 130 is divided by b?
10
Suppose -2*z + 22 = c, -5*z + 29 + 29 = 4*c. Suppose 170*l - 162 + 50 = 166*l. Calculate the remainder when l is divided by z.
8
Let k(x) = -36*x**2 - 16 + 2 + 35*x**2 + 23*x. What is the remainder when k(22) is divided by (6/(-2))/(4/(-8))?
2
Let l = -28 + 38. Suppose -6 = -r + l. What is the remainder when 60 is divided by r?
12
Let j be ((-6)/15 - 0)/(2/(-10)). Let f = 13 + -3. What is the remainder when f is divided by 8/j + (0 - 2) + 1?
1
Let w(m) = 3*m + 169. What is the remainder when 416 is divided by w(-50)?
17
Suppose -199 = 1036*o - 1037*o. What is the remainder when o is divided by 51?
46
Suppose 0 = 2*h - 4, -8*x + 3*x - 2*h = -24. Calculate the remainder when 29 is divided by x.
1
Let q = 57 - 69. Let a(w) = 2*w**2 + 23*w + 4. Calculate the remainder when 24 is divided by a(q).
8
Let h be 4/5*(-10)/4 - -76. Suppose -3*f = -211 - h. Calculate the remainder when f is divided by 25.
20
Let b(d) = -4*d**2 + 11*d - 11. Let t = 10 - 11. Let i(k) = -k**2 + k - 1. Let j(m) = t*b(m) + 2*i(m). Calculate the remainder when j(6) is divided by 15.
12
Suppose -9*m - 814 = -202. Let l = m - -92. What is the remainder when l is divided by 16?
8
Suppose -21 = 4*m - 2*a - 5, -2*m - 3*a = 0. Let r be -2*m*55/15. Suppose -2*g + 4*w + r = 2*w, g + 3*w = 15. What is the remainder when 58 is divided by g?
10
Let j = 4 + -2. Suppose -2*k - 5*a + 2 = -12, 0 = j*k + 4*a - 14. What is the remainder when k is divided by 38/10 - 15/(-75)?
3
Let t(y) = 2*y + 471. Calculate the remainder when t(11) is divided by 38.
37
Suppose r + 2*r = -2*y - 6, -3*r - 9 = 3*y. Suppose r = 3*k - 0*k. Suppose b - 5*b + 72 = k. Calculate the remainder when 34 is divided by b.
16
Let c(d) = 18*d + 2. Suppose -i - 4*i = -170. Let u = -19 + i. Calculate the remainder when c(3) is divided by u.
11
Suppose -207 - 1137 = -28*t. Calculate the remainder when 232 is divided by t.
40
Let r(k) = -k**2 - 7*k - 20. Let x be r(-8). Calculate the remainder when 96 is divided by (1/(-4) + (-42)/x)*20.
21
Suppose -103*r = -109*r + 348. Calculate the remainder when 112 is divided by r.
54
Let j be 16/64 + (-30)/(-8). Suppose 5*s = -j - 21. Calculate the remainder when 45 - s - (-2 + 2) is divided by 17.
16
Suppose r = -4*o + 3*o + 11, 0 = -5*r + 4*o + 46. Let y(t) = 9*t**2 - 7*t + 13. Let c be y(2). What is the remainder when r/c - (-804)/28 is divided by 8?
5
Let n(t) = -6 + 0*t - 3*t + t**2 + t. Suppose -4*d - 2*o - 21 = d, 0 = -3*d - o - 12. What is the remainder when 16 is divided by n(d)?
7
Let p = 454 - 425. What is the remainder when 132 is divided by p?
16
Calculate the remainder when (-9351)/(-54) + (-55)/(-66) is divided by 11.
9
Let c be 60/9*(-42)/(-4). Suppose 0 = -7*x - 0*x + c. Calculate the remainder when 13 is divided by x.
3
Let w be (-45)/(-2) - (-2)/(-4). Let n = -6 + w. Suppose -6*o + 5*o = f - 1, 0 = 5*o + 3*f - 15. What is the remainder when n is divided by o?
4
Let n = 742 - 397. What is the remainder when 33 is divided by (-2)/((-78)/n) + (-10)/(-65)?
6
Let s(r) = -467*r - 12. Calculate the remainder when s(-4) is divided by 11.
8
Suppose 2*a + 182 = 15*a. What is the remainder when 82 is divided by a?
12
Let s be (-2)/1*(2 - 3). Suppose -3*g - 574 = 5*o - 0*o, -5*g + s*o = 936. What is the remainder when 19 is divided by g/(-36) - (-2)/(-9)?
4
Let x(y) = -2*y - 16. Let c be x(-10). Let d(s) = -26*s. Let f be d(-1). Suppose -134 = -c*n + f. What is the remainder when n is divided by 14?
12
Let x be (-1 - 0)/(2/(-226)). Suppose -5*o = -5*j + x + 12, 4*j - 90 = -o. Calculate the remainder when j is divided by 23.
0
Suppose -33*z = 42*z - 788 - 637. Let s(p) = 4*p**2 + 6*p + 4. What is the remainder when s(-6) is divided by z?
17
Suppose 9 = 2*h - 3. Calculate the remainder when 86 is divided by h.
2
Let b(x) = 12*x**2 + 3*x - 21. What is the remainder when b(-4) is divided by 7?
5
Let g(j) be the second derivative of -j**5/20 - j**4/4 - j**3/3 + 3*j**2/2 + 11*j. Calculate the remainder when g(-4) is divided by 6.
3
Suppose -j + 1096 = -2*s, -j - 5*s + 2156 = j. Suppose h - 2*h + 22 = 0. What is the remainder when h is divided by j/176 + (-2)/(-22)*-2?
4
Suppose 2*v + 8*m - 237 = 5*m, 3*v + m - 366 = 0. What is the remainder when v is divided by 43?
37
Let i = -6 - -1. Let p = 10 + i. Suppose -3*a + 5*c = 3, 3*a = 4*a + p*c - 19. Calculate the remainder when 15 is divided by a.
3
Let m = -1359 + 1421. Calculate the remainder when m is divided by 35.
27
Suppose 2*f + 246 = 284. What is the remainder when f is divided by 46/6 - 32/48?
5
Suppose -2*t - 5*d - 42 = -14, 0 = 4*t - d + 78. Let b = -16 - t. What is the remainder when 12 is divided by b?
0
Let a(x) = -3*x. Let p(c) = c + 8. Let y be p(-8). Suppose -4*z - 4 = -y*z. What is the remainder when 3 is divide